test common factor of 60 and 2940.
60
Calculate the highest common divisor of 5348 and 14.
14
Calculate the highest common factor of 43 and 12083.
43
What is the greatest common divisor of 177 and 1121?
59
Calculate the highest common factor of 127 and 3429.
127
Calculate the highest common divisor of 481 and 26.
13
What is the greatest common divisor of 44 and 4169?
11
What is the highest common divisor of 21 and 917?
7
Calculate the highest common factor of 66 and 2409.
33
What is the highest common factor of 279 and 713?
31
Calculate the greatest common divisor of 2020 and 20.
20
Calculate the highest common divisor of 147 and 1323.
147
Calculate the greatest common divisor of 19952 and 174.
58
Calculate the highest common factor of 3256 and 148.
148
What is the greatest common divisor of 1820 and 39?
13
Calculate the highest common factor of 12 and 2556.
12
Calculate the highest common factor of 28 and 8.
4
What is the highest common factor of 27660 and 60?
60
Calculate the greatest common factor of 48 and 75.
3
What is the greatest common divisor of 47 and 3760?
47
What is the highest common factor of 14 and 238?
14
What is the greatest common factor of 54 and 1323?
27
What is the highest common divisor of 2166 and 19?
19
What is the greatest common factor of 2930 and 3223?
293
Calculate the greatest common divisor of 21 and 301.
7
What is the highest common factor of 28 and 23142?
14
Calculate the greatest common divisor of 48420 and 180.
180
What is the greatest common divisor of 17 and 697?
17
What is the highest common factor of 329 and 94?
47
Calculate the greatest common divisor of 105 and 84.
21
What is the highest common divisor of 552 and 598?
46
Calculate the highest common divisor of 133 and 28.
7
What is the greatest common factor of 1271 and 31?
31
What is the highest common factor of 105 and 14?
7
Calculate the greatest common divisor of 18 and 198.
18
What is the highest common factor of 6 and 5?
1
What is the greatest common factor of 66 and 3278?
22
Calculate the greatest common divisor of 2627 and 629.
37
What is the highest common factor of 34 and 391?
17
What is the highest common factor of 28 and 38?
2
What is the highest common divisor of 2 and 34?
2
What is the greatest common factor of 300 and 660?
60
Calculate the greatest common factor of 4 and 345.
1
What is the highest common factor of 930 and 124?
62
Calculate the greatest common divisor of 144 and 27.
9
What is the greatest common factor of 184 and 8?
8
Calculate the highest common factor of 116 and 261.
29
Calculate the greatest common divisor of 22 and 814.
22
Calculate the greatest common factor of 560 and 70.
70
What is the highest common divisor of 220 and 22?
22
Calculate the greatest common factor of 1 and 7.
1
Calculate the greatest common factor of 216 and 360.
72
Calculate the highest common divisor of 585 and 91.
13
Calculate the greatest common factor of 425 and 60.
5
Calculate the highest common divisor of 280 and 7.
7
What is the greatest common divisor of 99 and 5247?
99
Calculate the greatest common factor of 406 and 28.
14
What is the greatest common factor of 45 and 36?
9
What is the greatest common factor of 580 and 12?
4
Calculate the greatest common factor of 855 and 95.
95
Calculate the highest common divisor of 9715 and 29.
29
What is the highest common divisor of 1312 and 41?
41
What is the greatest common factor of 2818 and 2?
2
What is the greatest common divisor of 170 and 10?
10
What is the greatest common factor of 154 and 55?
11
What is the greatest common factor of 536 and 402?
134
What is the highest common divisor of 14 and 866?
2
Calculate the greatest common factor of 333 and 18.
9
What is the highest common factor of 8 and 48?
8
What is the greatest common divisor of 84 and 60?
12
Calculate the greatest common divisor of 35 and 45.
5
What is the greatest common factor of 120 and 10056?
24
What is the highest common divisor of 102 and 16?
2
What is the greatest common factor of 9 and 5013?
9
Calculate the highest common factor of 1705 and 124.
31
What is the greatest common factor of 6 and 94?
2
What is the greatest common divisor of 28 and 11326?
14
What is the greatest common divisor of 147 and 427?
7
Calculate the highest common divisor of 18 and 5166.
18
What is the highest common divisor of 44 and 242?
22
Calculate the greatest common factor of 33 and 429.
33
Calculate the highest common divisor of 259 and 111.
37
What is the highest common divisor of 25 and 12575?
25
Calculate the highest common factor of 9864 and 72.
72
Calculate the highest common divisor of 90 and 360.
90
Calculate the highest common factor of 1872 and 2106.
234
Calculate the highest common divisor of 24 and 37.
1
What is the highest common factor of 100 and 450?
50
Calculate the highest common factor of 6 and 242.
2
What is the greatest common divisor of 33 and 6215?
11
What is the highest common factor of 49 and 3?
1
What is the highest common divisor of 954 and 18?
18
What is the greatest common factor of 315 and 420?
105
What is the greatest common divisor of 50 and 16025?
25
Calculate the greatest common divisor of 28 and 68.
4
What is the highest common divisor of 590 and 2?
2
Calculate the greatest common divisor of 1246 and 1424.
178
What is the highest common divisor of 2002 and 154?
154
What is the greatest common factor of 20 and 1195?
5
Calculate the highest common divisor of 504 and 1224.
72
What is the greatest common factor of 43 and 1247?
43
What is the highest common divisor of 48 and 152?
8
What is the greatest common factor of 137 and 2192?
137
Calculate the highest common divisor of 12 and 4632.
12
What is the greatest common factor of 345 and 23?
23
Calculate the highest common factor of 78 and 306.
6
What is the highest common factor of 240 and 3240?
120
What is the highest common divisor of 174 and 12412?
58
What is the highest common divisor of 294 and 28?
14
Calculate the highest common factor of 258 and 946.
86
What is the highest common factor of 909 and 63?
9
What is the highest common divisor of 24 and 24?
24
Calculate the greatest common factor of 238 and 98.
14
What is the greatest common divisor of 720 and 5?
5
Calculate the greatest common factor of 22 and 11264.
22
Calculate the greatest common divisor of 4345 and 110.
55
What is the greatest common divisor of 340 and 13430?
170
What is the highest common divisor of 21 and 749?
7
Calculate the greatest common divisor of 110 and 44.
22
What is the highest common divisor of 4998 and 17?
17
Calculate the greatest common divisor of 7 and 917.
7
What is the greatest common factor of 174 and 30334?
58
Calculate the greatest common factor of 84 and 5502.
42
What is the greatest common divisor of 994 and 168?
14
Calculate the greatest common factor of 68 and 2.
2
What is the greatest common factor of 4169 and 11?
11
Calculate the greatest common factor of 32 and 1488.
16
Calculate the greatest common divisor of 1288 and 368.
184
Calculate the greatest common divisor of 80 and 90.
10
Calculate the greatest common factor of 91 and 104.
13
Calculate the highest common divisor of 550 and 200.
50
Calculate the greatest common factor of 2628 and 180.
36
Calculate the highest common factor of 14 and 42.
14
Calculate the greatest common divisor of 52 and 5603.
13
Calculate the highest common factor of 831 and 15.
3
What is the greatest common factor of 16 and 48?
16
What is the greatest common divisor of 25 and 80?
5
What is the highest common divisor of 48 and 336?
48
Calculate the highest common divisor of 378 and 42.
42
What is the highest common factor of 374 and 170?
34
Calculate the highest common factor of 8107 and 121.
121
Calculate the greatest common divisor of 3 and 11.
1
What is the highest common divisor of 165 and 5?
5
Calculate the greatest common divisor of 4 and 31948.
4
What is the greatest common factor of 1224 and 144?
72
What is the highest common divisor of 256 and 224?
32
Calculate the greatest common divisor of 2425 and 97.
97
What is the highest common divisor of 5 and 405?
5
What is the greatest common divisor of 2220 and 480?
60
Calculate the highest common divisor of 49 and 28.
7
Calculate the greatest common divisor of 525 and 455.
35
Calculate the